Suppose -t - 3*d + 108 + 210 = b, -4*d + 321 = t. List the prime factors of t.
3, 103
Suppose 3*o - 11843 + 3041 = 3*q, 3*q - 8778 = -3*o. List the prime factors of o.
2, 5, 293
Let q(g) = -25*g + 199. What are the prime factors of q(-20)?
3, 233
Let w = -1645 - -1665. List the prime factors of w.
2, 5
Let c(h) = -h**3 + h**2 - 10*h + 574. Let w(r) = -3*r**2 - 6*r. Let b be w(-2). List the prime factors of c(b).
2, 7, 41
Let w be 5*3*4/6. Let i be ((-4)/w)/(19/95). List the prime factors of i/(-1) - (-8)/(-12)*-219.
2, 37
Let g(c) = -10*c**3 - 5*c**2 - 3*c. Let r be g(-2). Suppose 0 = 6*b - r - 0. What are the prime factors of b?
11
Let x = 93528 - 23541. List the prime factors of x.
3, 41, 569
Let f(a) = -216*a + 971. List the prime factors of f(0).
971
List the prime factors of 0 - (28/(-7) + -4364).
2, 3, 7, 13
Let w(a) = -13917*a - 1956. List the prime factors of w(-4).
2, 3, 373
Let p = -60221 - -94978. List the prime factors of p.
34757
What are the prime factors of 12/22 + (6 - (-5 - (-1035184)/(-88)))?
3, 5, 157
Let j(z) = 546*z - 2277. List the prime factors of j(30).
3, 1567
Let i(a) = -2*a - 18. Let r be i(-10). Let j be (r - -4)/3 - 2. Suppose -3*u + 117 = -j*u. List the prime factors of u.
3, 13
Let v be (-7 - 2/(-2)) + -339. Let j = v + 683. What are the prime factors of j?
2, 13
Suppose -j + 4*j = 201. Let w = -65 + j. Suppose w*o + 246 = 4*o. What are the prime factors of o?
3, 41
Let j(n) = n**3 - 25*n**2 + 28*n + 24. Suppose 2*o - 30 = -2*b + 7*o, 3*o + 17 = b. Let z be 2/b - 236/(-10). List the prime factors of j(z).
2, 3, 5
Let f be (7/(21/2))/(12/54). Suppose g + 5*w - 330 = 0, 4*w + 354 = g - f. List the prime factors of g.
3, 5, 23
Let q = 13913 + 83. List the prime factors of q.
2, 3499
Let k = -88 + 93. Suppose -4*a = -v + 467 + 125, 0 = -3*v + k*a + 1776. What are the prime factors of v?
2, 37
Let w(h) = -130*h + 570. What are the prime factors of w(-19)?
2, 5, 19
Let p = 2511 - 2501. Let u be ((-4)/(-3))/((-2)/(-201)). Let q = u - p. What are the prime factors of q?
2, 31
Let c = 365 + -82. Let m = c - 55. What are the prime factors of m?
2, 3, 19
Let g(l) = -45*l**3 + l**2 - 1. Let y be g(1). Suppose 3*w + 3010 = 17*w. Let f = w + y. List the prime factors of f.
2, 5, 17
Suppose 0 = 3*s + 3*a - 10101, -5*a - 8374 = -2*s - 1668. List the prime factors of s.
3, 19, 59
Suppose 5*z - 6*x - 33778 = 0, 2*z + 713*x = 714*x + 13514. What are the prime factors of z?
2, 31, 109
Let s be (16/(-24))/(2/9). Let p(j) = 46*j**2 - 2*j. Let t be p(s). Suppose 0 = -4*m + 4*v - 3*v + t, 5*v + 510 = 5*m. List the prime factors of m.
2, 53
What are the prime factors of ((-8)/8)/(34/(-1423478))?
7, 5981
Let n(b) be the third derivative of 47*b**5/60 - b**4/24 - b**3 - b**2. Let c(h) = h**2 - 7*h - 406. Let m be c(-17). List the prime factors of n(m).
2, 3, 5
Let v(o) = 91*o**2 - o + 4. Let i be v(2). Let y = -47 + i. What are the prime factors of y?
11, 29
Suppose 0 = 3*u - 5*f - 1528, 6*f - 3*f = -u + 500. Let d = u - -225. What are the prime factors of d?
17, 43
Suppose -11*j = -2*j + 9. Let k = -1 - j. Suppose -h + 10 = 2*b, 5*b + h - 21 - 1 = k. What are the prime factors of b?
2
Suppose 0 = -s + w + 8, -3*s - 2*s = 3*w. Suppose 0*r + 199 = 4*c + s*r, 0 = -3*c + 5*r + 113. List the prime factors of c.
2, 23
Let f be 1/(4 + (-19)/5). Suppose 0*b + b - f*o = -99, o + 329 = -3*b. Let k = b - -228. What are the prime factors of k?
7, 17
Suppose 3*b + 40 = 4*p, -2*b = -13*p + 15*p + 50. Let v = b + 652. List the prime factors of v.
2, 79
Suppose o - 128 = -0*g + 2*g, 4*o - 78 = g. Let w(j) = -20*j + 280. Let z be w(14). What are the prime factors of (0 + z + g)*275/(-110)?
5, 31
Let g(o) = 5*o**3 - 3*o**2 - 10*o - 12. Let t be g(6). Suppose t = 6*i + 12*i. List the prime factors of i.
2, 5
Suppose b - 7451 = -3*f, -7*b + 7427 = -6*b - 3*f. What are the prime factors of b?
43, 173
Let h = -3956 + 6952. What are the prime factors of h?
2, 7, 107
Let d = 21595 + -14964. Suppose 8*z - d = -1415. What are the prime factors of z?
2, 163
Let s = 43 + -22. Suppose p = 39 - s. Let h = p - -31. List the prime factors of h.
7
Suppose 447*o + 48530 - 141896 = 105*o. What are the prime factors of o?
3, 7, 13
Suppose 6*i - 88*i = 32*i - 5658048. What are the prime factors of i?
2, 3, 11, 47
Let i(a) = 94*a**2 + 28*a + 20. List the prime factors of i(-10).
2, 5, 457
Let t = 2968 - -2385. What are the prime factors of t?
53, 101
Let o be 2 + -1*(4392/(-4) + 2). Suppose 0 = 9*x + 261 + o. What are the prime factors of (-7)/((-21)/(-6)) - x?
149
Let h(d) = 10*d**3 + d**2 + d - 1. Let q be h(1). Suppose 2*t - 19 - q = -4*p, 2*t - p - 45 = 0. Let j = t + 82. List the prime factors of j.
103
Let x = 41 - -381. Suppose 0 = -3*g - 6, 5*f + g = x + 891. What are the prime factors of f?
263
Let c = -93 + 98. Suppose -c*y = -5*g + 4830, 2*g = -2*y + 1249 + 675. What are the prime factors of g?
2, 241
Let q = 3206 - 1783. Suppose -4*j + 5545 = -q. List the prime factors of j.
2, 13, 67
Suppose -644 + 230 = -6*w. Let h = w - 62. What are the prime factors of (1 - -139) + -7*(-2)/h?
2, 71
Suppose 0 = -5*f + 5 - 35, -2*w + 3*f + 14410 = 0. List the prime factors of w.
2, 7, 257
Let b be (-4)/(-6) + (-152)/(-6) + 2. Let a = b + -23. Suppose a*g - 369 = -4*p + 247, 0 = 5*g + 3*p - 617. List the prime factors of g.
2, 31
List the prime factors of 12288 - ((-99)/(-198))/(0 - 2/20).
19, 647
Let g = 34449 - 5540. What are the prime factors of g?
28909
Suppose 7*x + 10*x = -2*x + 30609. List the prime factors of x.
3, 179
What are the prime factors of 10 - ((-7770 - 7) + -10)?
3, 23, 113
What are the prime factors of (-75)/15 - (-87169 + -1)?
3, 5, 13, 149
List the prime factors of ((-16)/(-40))/((-9)/(-200160)).
2, 139
Let y = 300 - 597. Let a = y + 935. What are the prime factors of a?
2, 11, 29
Let w be (118/(-4))/(12/24). Let b = 24 - w. List the prime factors of b.
83
Let n(o) = 71*o - 107. Let w be n(35). Suppose -3*g = 5*j - w, -2*g - 1545 - 353 = -4*j. What are the prime factors of j?
5, 19
Suppose -a + 2*v = 622 - 4046, -2*a = -5*v - 6848. List the prime factors of a.
2, 107
Let g be (-3 + -2)/((-54)/8532). Suppose g*a = 798*a - 3240. What are the prime factors of a?
3, 5
Let m(z) = 6*z + 38. Let d be m(-6). Suppose 14 + d = 8*p. Suppose 7*i = p*i + 535. List the prime factors of i.
107
Let r(g) = -g**3 - 3*g**2 + 2*g - 4. Let l be r(-4). Let y = -2502 - -2502. Suppose -l*h + 0*h + 324 = y. What are the prime factors of h?
3
Let m(q) = -5566*q + 233. List the prime factors of m(-1).
3, 1933
Let p(u) = 56*u**2 + 44*u - 40. List the prime factors of p(-10).
2, 5
Let m = 2831 + 3088. What are the prime factors of m?
3, 1973
Suppose -29*u + 104208 = -43576. List the prime factors of u.
2, 7, 13
Let t(y) = 78*y**2 + 952*y + 25. List the prime factors of t(-28).
3, 37, 311
Let b(m) = 64*m + 0 - 1 + 5 - 49*m. Let z be b(-3). What are the prime factors of 10/(-4)*(-5 + z)?
5, 23
Let y(d) = d**2 + 12*d + 43. Let n be y(-7). Suppose 0 = -2*f + 3*m + 214, -13*m + n*m - 107 = -f. What are the prime factors of f?
107
Let a(z) = 5*z**2 - 76*z + 657. List the prime factors of a(25).
2, 941
Suppose -2*o + 430 = p, p + 7*o - 11*o - 400 = 0. Suppose y + 169 = 5*k - 3*k, -5*k + p = -2*y. List the prime factors of k.
2, 41
Let s = -8306 + 15562. What are the prime factors of s?
2, 907
Suppose 2*c - 35491 = o, -174*c = -183*c + o + 159713. List the prime factors of c.
2, 19, 467
Let h(a) = a**3 + 2*a**2 - a + 11. Let z be h(-6). Let m = z - -132. Suppose m*t + 785 = 3*s, -5*t + 538 = 2*s - t. What are the prime factors of s?
5, 53
Let f(v) = -71*v**2 + 5*v - 4. Let z be f(1). Let n = 137 + z. Let o = 154 - n. What are the prime factors of o?
3, 29
Let q(l) = l**3 + 6*l**2 - 7*l. Let k be q(1). Suppose 11*a - 18*a + 1015 = k. What are the prime factors of a?
5, 29
Suppose -48*m + 212835 + 61005 = 0. What are the prime factors of m?
5, 7, 163
Suppose 18*c - 32*c = -70. Suppose c*a + a - 2556 = 0. List the prime factors of a.
2, 3, 71
Suppose -5024*a = -5039*a + 348630. List the prime factors of a.
2, 11621
List the prime factors of (-1)/(17130/(-119861) - (7 + 250/(-35))).
17123
Suppose -1600*v - 3052764 - 833076 = -1705*v. List the prime factors of v.
2, 3, 257
Let q(c) = 146*c**3 -